{"id":37,"date":"2018-09-15T15:41:18","date_gmt":"2018-09-15T13:41:18","guid":{"rendered":"https:\/\/www.simsalabim.cc\/?page_id=37"},"modified":"2018-09-15T16:39:03","modified_gmt":"2018-09-15T14:39:03","slug":"ballonmodellieren","status":"publish","type":"page","link":"https:\/\/www.don-bernardo.at\/simsalabim\/ballonmodellieren\/","title":{"rendered":"Ballonmodellieren"},"content":{"rendered":"\t\t<div data-elementor-type=\"wp-post\" data-elementor-id=\"37\" class=\"elementor elementor-37 elementor-bc-flex-widget\">\n\t\t\t\t\t\t<section class=\"elementor-section elementor-top-section elementor-element elementor-element-552e1cd elementor-section-boxed elementor-section-height-default elementor-section-height-default\" data-id=\"552e1cd\" data-element_type=\"section\" data-e-type=\"section\">\n\t\t\t\t\t\t<div class=\"elementor-container elementor-column-gap-default\">\n\t\t\t\t\t<div class=\"elementor-column elementor-col-33 elementor-top-column elementor-element elementor-element-06f58c3\" data-id=\"06f58c3\" data-element_type=\"column\" data-e-type=\"column\">\n\t\t\t<div class=\"elementor-widget-wrap elementor-element-populated\">\n\t\t\t\t\t\t<div class=\"elementor-element elementor-element-3b0c3ac elementor-widget elementor-widget-image\" data-id=\"3b0c3ac\" data-element_type=\"widget\" data-e-type=\"widget\" data-widget_type=\"image.default\">\n\t\t\t\t<div class=\"elementor-widget-container\">\n\t\t\t\t\t\t\t\t\t\t\t\t\t\t\t<img fetchpriority=\"high\" decoding=\"async\" width=\"286\" height=\"396\" src=\"https:\/\/www.don-bernardo.at\/simsalabim\/wp-content\/uploads\/sites\/2\/2018\/09\/wp5b4e819d_06.png\" class=\"attachment-large size-large wp-image-38\" alt=\"\" srcset=\"https:\/\/www.don-bernardo.at\/simsalabim\/wp-content\/uploads\/sites\/2\/2018\/09\/wp5b4e819d_06.png 286w, https:\/\/www.don-bernardo.at\/simsalabim\/wp-content\/uploads\/sites\/2\/2018\/09\/wp5b4e819d_06-217x300.png 217w\" sizes=\"(max-width: 286px) 100vw, 286px\" \/>\t\t\t\t\t\t\t\t\t\t\t\t\t\t\t<\/div>\n\t\t\t\t<\/div>\n\t\t\t\t\t<\/div>\n\t\t<\/div>\n\t\t\t\t<div class=\"elementor-column elementor-col-66 elementor-top-column elementor-element elementor-element-7b8dac7\" data-id=\"7b8dac7\" data-element_type=\"column\" data-e-type=\"column\">\n\t\t\t<div class=\"elementor-widget-wrap elementor-element-populated\">\n\t\t\t\t\t\t<div class=\"elementor-element elementor-element-570c46d elementor-widget elementor-widget-text-editor\" data-id=\"570c46d\" data-element_type=\"widget\" data-e-type=\"widget\" data-widget_type=\"text-editor.default\">\n\t\t\t\t<div class=\"elementor-widget-container\">\n\t\t\t\t\t\t\t\t\t<p><span style=\"font-family: comic sans ms, sans-serif;\">Modellierballone sind f\u00fcr das kleine Pulikum eine tolle Sache und eine willkommene Abwechslung, die man auch mit nach Hause nehmen kann.<\/span><\/p><p><span style=\"font-family: comic sans ms, sans-serif;\">Modellierballone sind die Attratkion f\u00fcr jedes Kinderfest! Gerne werden Sie auch mit einer Zaubershow kombiniert.<\/span><\/p><p><span style=\"font-family: comic sans ms, sans-serif;\">Ideal auch in Verbindung mit Stelzengehen.<\/span><\/p><p><span style=\"font-family: comic sans ms, sans-serif;\"><img decoding=\"async\" class=\"alignnone size-full wp-image-24\" src=\"https:\/\/www.don-bernardo.at\/wp-content\/uploads\/sites\/2\/2018\/09\/wpa1742a63_05_06.jpg\" alt=\"\" width=\"239\" height=\"215\" \/> <img decoding=\"async\" class=\"alignnone size-full wp-image-23\" src=\"https:\/\/www.don-bernardo.at\/wp-content\/uploads\/sites\/2\/2018\/09\/wp09b23150_05_06.jpg\" alt=\"\" width=\"216\" height=\"216\" srcset=\"https:\/\/www.don-bernardo.at\/simsalabim\/wp-content\/uploads\/sites\/2\/2018\/09\/wp09b23150_05_06.jpg 216w, https:\/\/www.don-bernardo.at\/simsalabim\/wp-content\/uploads\/sites\/2\/2018\/09\/wp09b23150_05_06-150x150.jpg 150w\" sizes=\"(max-width: 216px) 100vw, 216px\" \/><\/span><\/p>\t\t\t\t\t\t\t\t<\/div>\n\t\t\t\t<\/div>\n\t\t\t\t\t<\/div>\n\t\t<\/div>\n\t\t\t\t\t<\/div>\n\t\t<\/section>\n\t\t\t\t<section class=\"elementor-section elementor-top-section elementor-element elementor-element-8f4761c elementor-section-boxed elementor-section-height-default elementor-section-height-default\" data-id=\"8f4761c\" data-element_type=\"section\" data-e-type=\"section\">\n\t\t\t\t\t\t<div class=\"elementor-container elementor-column-gap-default\">\n\t\t\t\t\t<div class=\"elementor-column elementor-col-100 elementor-top-column elementor-element elementor-element-79de4f0\" data-id=\"79de4f0\" data-element_type=\"column\" data-e-type=\"column\">\n\t\t\t<div class=\"elementor-widget-wrap elementor-element-populated\">\n\t\t\t\t\t\t<div class=\"elementor-element elementor-element-413e5b2 elementor-widget elementor-widget-text-editor\" data-id=\"413e5b2\" data-element_type=\"widget\" data-e-type=\"widget\" data-widget_type=\"text-editor.default\">\n\t\t\t\t<div class=\"elementor-widget-container\">\n\t\t\t\t\t\t\t\t\t<p><span style=\"font-family: comic sans ms, sans-serif;\">Ballonmodellieren f\u00fcr Messen, Kindergebirtstage, Kinderfeste, usw. Ballonmodellieren in Innsbruck, Tirol, Salzburg, Vorarlberg, ganz \u00d6sterreich, S\u00fcdtirol und Deutschland.<\/span><\/p>\t\t\t\t\t\t\t\t<\/div>\n\t\t\t\t<\/div>\n\t\t\t\t\t<\/div>\n\t\t<\/div>\n\t\t\t\t\t<\/div>\n\t\t<\/section>\n\t\t\t\t<\/div>\n\t\t","protected":false},"excerpt":{"rendered":"<p>Modellierballone sind f\u00fcr das kleine Pulikum eine tolle Sache und eine willkommene Abwechslung, die man auch mit nach Hause nehmen kann. Modellierballone sind die Attratkion f\u00fcr jedes Kinderfest! Gerne werden Sie auch mit einer Zaubershow kombiniert. Ideal auch in Verbindung mit Stelzengehen. Ballonmodellieren f\u00fcr Messen, Kindergebirtstage, Kinderfeste, usw. Ballonmodellieren in Innsbruck, Tirol, Salzburg, Vorarlberg, ganz &#8230; <a title=\"Ballonmodellieren\" class=\"read-more\" href=\"https:\/\/www.don-bernardo.at\/simsalabim\/ballonmodellieren\/\" aria-label=\"Mehr Informationen \u00fcber Ballonmodellieren\">Read more<\/a><\/p>\n","protected":false},"author":2,"featured_media":0,"parent":0,"menu_order":0,"comment_status":"closed","ping_status":"closed","template":"","meta":{"footnotes":""},"class_list":["post-37","page","type-page","status-publish"],"yoast_head":"<!-- This site is optimized with the Yoast SEO plugin v25.5 - https:\/\/yoast.com\/wordpress\/plugins\/seo\/ -->\n<title>Ballonmodellieren - Simsalabim<\/title>\n<meta name=\"robots\" content=\"index, follow, max-snippet:-1, max-image-preview:large, max-video-preview:-1\" \/>\n<link rel=\"canonical\" href=\"https:\/\/www.don-bernardo.at\/simsalabim\/ballonmodellieren\/\" \/>\n<meta property=\"og:locale\" content=\"de_DE\" \/>\n<meta property=\"og:type\" content=\"article\" \/>\n<meta property=\"og:title\" content=\"Ballonmodellieren - Simsalabim\" \/>\n<meta property=\"og:description\" content=\"Modellierballone sind f\u00fcr das kleine Pulikum eine tolle Sache und eine willkommene Abwechslung, die man auch mit nach Hause nehmen kann. Modellierballone sind die Attratkion f\u00fcr jedes Kinderfest! Gerne werden Sie auch mit einer Zaubershow kombiniert. Ideal auch in Verbindung mit Stelzengehen. Ballonmodellieren f\u00fcr Messen, Kindergebirtstage, Kinderfeste, usw. Ballonmodellieren in Innsbruck, Tirol, Salzburg, Vorarlberg, ganz ... Read more\" \/>\n<meta property=\"og:url\" content=\"https:\/\/www.don-bernardo.at\/simsalabim\/ballonmodellieren\/\" \/>\n<meta property=\"og:site_name\" content=\"Simsalabim\" \/>\n<meta property=\"article:modified_time\" content=\"2018-09-15T14:39:03+00:00\" \/>\n<meta property=\"og:image\" content=\"https:\/\/www.don-bernardo.at\/wp-content\/uploads\/sites\/2\/2018\/09\/wp5b4e819d_06.png\" \/>\n<meta name=\"twitter:card\" content=\"summary_large_image\" \/>\n<script type=\"application\/ld+json\" class=\"yoast-schema-graph\">{\"@context\":\"https:\/\/schema.org\",\"@graph\":[{\"@type\":\"WebPage\",\"@id\":\"https:\/\/www.don-bernardo.at\/simsalabim\/ballonmodellieren\/\",\"url\":\"https:\/\/www.don-bernardo.at\/simsalabim\/ballonmodellieren\/\",\"name\":\"Ballonmodellieren - Simsalabim\",\"isPartOf\":{\"@id\":\"https:\/\/www.don-bernardo.at\/simsalabim\/#website\"},\"primaryImageOfPage\":{\"@id\":\"https:\/\/www.don-bernardo.at\/simsalabim\/ballonmodellieren\/#primaryimage\"},\"image\":{\"@id\":\"https:\/\/www.don-bernardo.at\/simsalabim\/ballonmodellieren\/#primaryimage\"},\"thumbnailUrl\":\"https:\/\/www.don-bernardo.at\/wp-content\/uploads\/sites\/2\/2018\/09\/wp5b4e819d_06.png\",\"datePublished\":\"2018-09-15T13:41:18+00:00\",\"dateModified\":\"2018-09-15T14:39:03+00:00\",\"breadcrumb\":{\"@id\":\"https:\/\/www.don-bernardo.at\/simsalabim\/ballonmodellieren\/#breadcrumb\"},\"inLanguage\":\"de\",\"potentialAction\":[{\"@type\":\"ReadAction\",\"target\":[\"https:\/\/www.don-bernardo.at\/simsalabim\/ballonmodellieren\/\"]}]},{\"@type\":\"ImageObject\",\"inLanguage\":\"de\",\"@id\":\"https:\/\/www.don-bernardo.at\/simsalabim\/ballonmodellieren\/#primaryimage\",\"url\":\"https:\/\/www.don-bernardo.at\/wp-content\/uploads\/sites\/2\/2018\/09\/wp5b4e819d_06.png\",\"contentUrl\":\"https:\/\/www.don-bernardo.at\/wp-content\/uploads\/sites\/2\/2018\/09\/wp5b4e819d_06.png\"},{\"@type\":\"BreadcrumbList\",\"@id\":\"https:\/\/www.don-bernardo.at\/simsalabim\/ballonmodellieren\/#breadcrumb\",\"itemListElement\":[{\"@type\":\"ListItem\",\"position\":1,\"name\":\"Startseite\",\"item\":\"https:\/\/www.don-bernardo.at\/simsalabim\/\"},{\"@type\":\"ListItem\",\"position\":2,\"name\":\"Ballonmodellieren\"}]},{\"@type\":\"WebSite\",\"@id\":\"https:\/\/www.don-bernardo.at\/simsalabim\/#website\",\"url\":\"https:\/\/www.don-bernardo.at\/simsalabim\/\",\"name\":\"Simsalabim\",\"description\":\"Kinderzauber - DoN BERNARDo\",\"publisher\":{\"@id\":\"https:\/\/www.don-bernardo.at\/simsalabim\/#organization\"},\"potentialAction\":[{\"@type\":\"SearchAction\",\"target\":{\"@type\":\"EntryPoint\",\"urlTemplate\":\"https:\/\/www.don-bernardo.at\/simsalabim\/?s={search_term_string}\"},\"query-input\":{\"@type\":\"PropertyValueSpecification\",\"valueRequired\":true,\"valueName\":\"search_term_string\"}}],\"inLanguage\":\"de\"},{\"@type\":\"Organization\",\"@id\":\"https:\/\/www.don-bernardo.at\/simsalabim\/#organization\",\"name\":\"Simsalabim\",\"url\":\"https:\/\/www.don-bernardo.at\/simsalabim\/\",\"logo\":{\"@type\":\"ImageObject\",\"inLanguage\":\"de\",\"@id\":\"https:\/\/www.don-bernardo.at\/simsalabim\/#\/schema\/logo\/image\/\",\"url\":\"https:\/\/www.don-bernardo.at\/simsalabim\/wp-content\/uploads\/sites\/2\/2018\/09\/cropped-wp3c0124f4_06-2.png\",\"contentUrl\":\"https:\/\/www.don-bernardo.at\/simsalabim\/wp-content\/uploads\/sites\/2\/2018\/09\/cropped-wp3c0124f4_06-2.png\",\"width\":610,\"height\":122,\"caption\":\"Simsalabim\"},\"image\":{\"@id\":\"https:\/\/www.don-bernardo.at\/simsalabim\/#\/schema\/logo\/image\/\"}}]}<\/script>\n<!-- \/ Yoast SEO plugin. -->","yoast_head_json":{"title":"Ballonmodellieren - Simsalabim","robots":{"index":"index","follow":"follow","max-snippet":"max-snippet:-1","max-image-preview":"max-image-preview:large","max-video-preview":"max-video-preview:-1"},"canonical":"https:\/\/www.don-bernardo.at\/simsalabim\/ballonmodellieren\/","og_locale":"de_DE","og_type":"article","og_title":"Ballonmodellieren - Simsalabim","og_description":"Modellierballone sind f\u00fcr das kleine Pulikum eine tolle Sache und eine willkommene Abwechslung, die man auch mit nach Hause nehmen kann. Modellierballone sind die Attratkion f\u00fcr jedes Kinderfest! Gerne werden Sie auch mit einer Zaubershow kombiniert. Ideal auch in Verbindung mit Stelzengehen. Ballonmodellieren f\u00fcr Messen, Kindergebirtstage, Kinderfeste, usw. Ballonmodellieren in Innsbruck, Tirol, Salzburg, Vorarlberg, ganz ... Read more","og_url":"https:\/\/www.don-bernardo.at\/simsalabim\/ballonmodellieren\/","og_site_name":"Simsalabim","article_modified_time":"2018-09-15T14:39:03+00:00","og_image":[{"url":"https:\/\/www.don-bernardo.at\/wp-content\/uploads\/sites\/2\/2018\/09\/wp5b4e819d_06.png","type":"","width":"","height":""}],"twitter_card":"summary_large_image","schema":{"@context":"https:\/\/schema.org","@graph":[{"@type":"WebPage","@id":"https:\/\/www.don-bernardo.at\/simsalabim\/ballonmodellieren\/","url":"https:\/\/www.don-bernardo.at\/simsalabim\/ballonmodellieren\/","name":"Ballonmodellieren - Simsalabim","isPartOf":{"@id":"https:\/\/www.don-bernardo.at\/simsalabim\/#website"},"primaryImageOfPage":{"@id":"https:\/\/www.don-bernardo.at\/simsalabim\/ballonmodellieren\/#primaryimage"},"image":{"@id":"https:\/\/www.don-bernardo.at\/simsalabim\/ballonmodellieren\/#primaryimage"},"thumbnailUrl":"https:\/\/www.don-bernardo.at\/wp-content\/uploads\/sites\/2\/2018\/09\/wp5b4e819d_06.png","datePublished":"2018-09-15T13:41:18+00:00","dateModified":"2018-09-15T14:39:03+00:00","breadcrumb":{"@id":"https:\/\/www.don-bernardo.at\/simsalabim\/ballonmodellieren\/#breadcrumb"},"inLanguage":"de","potentialAction":[{"@type":"ReadAction","target":["https:\/\/www.don-bernardo.at\/simsalabim\/ballonmodellieren\/"]}]},{"@type":"ImageObject","inLanguage":"de","@id":"https:\/\/www.don-bernardo.at\/simsalabim\/ballonmodellieren\/#primaryimage","url":"https:\/\/www.don-bernardo.at\/wp-content\/uploads\/sites\/2\/2018\/09\/wp5b4e819d_06.png","contentUrl":"https:\/\/www.don-bernardo.at\/wp-content\/uploads\/sites\/2\/2018\/09\/wp5b4e819d_06.png"},{"@type":"BreadcrumbList","@id":"https:\/\/www.don-bernardo.at\/simsalabim\/ballonmodellieren\/#breadcrumb","itemListElement":[{"@type":"ListItem","position":1,"name":"Startseite","item":"https:\/\/www.don-bernardo.at\/simsalabim\/"},{"@type":"ListItem","position":2,"name":"Ballonmodellieren"}]},{"@type":"WebSite","@id":"https:\/\/www.don-bernardo.at\/simsalabim\/#website","url":"https:\/\/www.don-bernardo.at\/simsalabim\/","name":"Simsalabim","description":"Kinderzauber - DoN BERNARDo","publisher":{"@id":"https:\/\/www.don-bernardo.at\/simsalabim\/#organization"},"potentialAction":[{"@type":"SearchAction","target":{"@type":"EntryPoint","urlTemplate":"https:\/\/www.don-bernardo.at\/simsalabim\/?s={search_term_string}"},"query-input":{"@type":"PropertyValueSpecification","valueRequired":true,"valueName":"search_term_string"}}],"inLanguage":"de"},{"@type":"Organization","@id":"https:\/\/www.don-bernardo.at\/simsalabim\/#organization","name":"Simsalabim","url":"https:\/\/www.don-bernardo.at\/simsalabim\/","logo":{"@type":"ImageObject","inLanguage":"de","@id":"https:\/\/www.don-bernardo.at\/simsalabim\/#\/schema\/logo\/image\/","url":"https:\/\/www.don-bernardo.at\/simsalabim\/wp-content\/uploads\/sites\/2\/2018\/09\/cropped-wp3c0124f4_06-2.png","contentUrl":"https:\/\/www.don-bernardo.at\/simsalabim\/wp-content\/uploads\/sites\/2\/2018\/09\/cropped-wp3c0124f4_06-2.png","width":610,"height":122,"caption":"Simsalabim"},"image":{"@id":"https:\/\/www.don-bernardo.at\/simsalabim\/#\/schema\/logo\/image\/"}}]}},"_links":{"self":[{"href":"https:\/\/www.don-bernardo.at\/simsalabim\/wp-json\/wp\/v2\/pages\/37","targetHints":{"allow":["GET"]}}],"collection":[{"href":"https:\/\/www.don-bernardo.at\/simsalabim\/wp-json\/wp\/v2\/pages"}],"about":[{"href":"https:\/\/www.don-bernardo.at\/simsalabim\/wp-json\/wp\/v2\/types\/page"}],"author":[{"embeddable":true,"href":"https:\/\/www.don-bernardo.at\/simsalabim\/wp-json\/wp\/v2\/users\/2"}],"replies":[{"embeddable":true,"href":"https:\/\/www.don-bernardo.at\/simsalabim\/wp-json\/wp\/v2\/comments?post=37"}],"version-history":[{"count":5,"href":"https:\/\/www.don-bernardo.at\/simsalabim\/wp-json\/wp\/v2\/pages\/37\/revisions"}],"predecessor-version":[{"id":73,"href":"https:\/\/www.don-bernardo.at\/simsalabim\/wp-json\/wp\/v2\/pages\/37\/revisions\/73"}],"wp:attachment":[{"href":"https:\/\/www.don-bernardo.at\/simsalabim\/wp-json\/wp\/v2\/media?parent=37"}],"curies":[{"name":"wp","href":"https:\/\/api.w.org\/{rel}","templated":true}]}}